se
Does 15 divide 2111?
False
Is 14 a factor of 3388?
True
Is 5 a factor of 331?
False
Is 32410 a multiple of 14?
True
Is 551 a multiple of 38?
False
Is 22572 a multiple of 57?
True
Is 63940 a multiple of 5?
True
Is 117 a factor of 10413?
True
Is 861 a multiple of 3?
True
Is 1190 a multiple of 11?
False
Does 3 divide 1650?
True
Is 16452 a multiple of 18?
True
Is 12 a factor of 1272?
True
Is 16 a factor of 13504?
True
Is 69 a factor of 15180?
True
Does 67 divide 931?
False
Does 65 divide 2503?
False
Is 34 a factor of 3100?
False
Is 20 a factor of 918?
False
Does 2 divide 2828?
True
Does 43 divide 902?
False
Does 348 divide 100920?
True
Is 13 a factor of 370?
False
Does 5 divide 1535?
True
Is 8008 a multiple of 104?
True
Is 9 a factor of 7081?
False
Does 28 divide 364?
True
Is 4385 a multiple of 19?
False
Is 1370 a multiple of 36?
False
Does 15 divide 49?
False
Is 9 a factor of 3033?
True
Is 4 a factor of 32?
True
Is 2118 a multiple of 10?
False
Does 4 divide 3896?
True
Is 49588 a multiple of 322?
True
Is 8 a factor of 152?
True
Is 360 a multiple of 24?
True
Does 30 divide 2352?
False
Is 8 a factor of 432?
True
Is 12 a factor of 3204?
True
Does 37 divide 218?
False
Does 163 divide 30318?
True
Does 61 divide 2989?
True
Is 63169 a multiple of 26?
False
Is 78 a factor of 1766?
False
Does 11 divide 3195?
False
Is 15 a factor of 15?
True
Is 21 a factor of 485?
False
Is 16 a factor of 1258?
False
Is 4759 a multiple of 3?
False
Is 452 a multiple of 10?
False
Does 12 divide 1596?
True
Does 12 divide 1560?
True
Does 19 divide 2243?
False
Is 55860 a multiple of 140?
True
Does 64 divide 3470?
False
Is 65 a factor of 16055?
True
Is 22296 a multiple of 3?
True
Does 319 divide 75340?
False
Does 7 divide 238?
True
Is 252 a factor of 102564?
True
Is 19014 a multiple of 21?
False
Is 576 a multiple of 64?
True
Is 2145 a multiple of 55?
True
Is 5832 a multiple of 195?
False
Does 6 divide 540?
True
Is 10 a factor of 37900?
True
Is 138 a factor of 5520?
True
Does 37 divide 481?
True
Is 3899 a multiple of 17?
False
Does 208 divide 38688?
True
Is 7 a factor of 86?
False
Is 16 a factor of 6048?
True
Is 19 a factor of 152?
True
Does 7 divide 18921?
True
Is 18 a factor of 807?
False
Is 41 a factor of 2022?
False
Is 4102 a multiple of 28?
False
Does 17 divide 391?
True
Is 104 a factor of 12376?
True
Does 22 divide 4858?
False
Does 89 divide 6769?
False
Is 46 a multiple of 5?
False
Is 33 a factor of 31713?
True
Is 2591 a multiple of 15?
False
Is 22 a factor of 990?
True
Does 90 divide 10620?
True
Is 208 a multiple of 3?
False
Is 157 a factor of 11147?
True
Does 91 divide 125427?
False
Does 67 divide 1305?
False
Is 504 a multiple of 33?
False
Is 11130 a multiple of 10?
True
Is 7705 a multiple of 3?
False
Is 58 even?
True
Is 950 even?
True
Is 7 a factor of 487?
False
Is 24697 a multiple of 138?
False
Does 3 divide 375?
True
Is 31 a factor of 279?
True
Does 67 divide 2211?
True
Is 43 even?
False
Is 8 a factor of 93?
False
Is 154 a multiple of 11?
True
Is 776 a multiple of 97?
True
Is 175 a factor of 32200?
True
Is 53013 a multiple of 123?
True
Is 126 a multiple of 9?
True
Is 295 a factor of 42480?
True
Does 26 divide 1705?
False
Is 185 a factor of 4070?
True
Does 28 divide 56?
True
Is 9 a factor of 800?
False
Is 425 a multiple of 17?
True
Is 1206 a multiple of 18?
True
Is 8 a factor of 1769?
False
Is 76 even?
True
Is 3 a factor of 57?
True
Is 115 a factor of 4025?
True
Is 70 a factor of 2011?
False
Does 32 divide 556?
False
Is 51 a factor of 2802?
False
Is 595 a multiple of 115?
False
Does 19 divide 3800?
True
Is 584 a multiple of 8?
True
Is 17380 a multiple of 8?
False
Is 28 a factor of 112?
True
Is 14076 a multiple of 138?
True
Does 70 divide 1120?
True
Does 58 divide 232?
True
Is 104 a factor of 5616?
True
Does 2 divide 12823?
False
Is 26 a factor of 1324?
False
Is 237 a multiple of 3?
True
Is 7 a factor of 8813?
True
Is 1345 a multiple of 18?
False
Is 188 a factor of 9024?
True
Does 16 divide 1516?
False
Is 16 a factor of 7584?
True
Is 63 a factor of 6152?
False
Does 11 divide 2324?
False
Is 7462 a multiple of 182?
True
Is 38 a factor of 90322?
False
Is 31 a factor of 426?
False
Is 97 a factor of 621?
False
Is 45533 a multiple of 15?
False
Is 44292 a multiple of 17?
False
Does 17 divide 2091?
True
Does 22 divide 8273?
False
Does 22 divide 946?
True
Is 55 a factor of 2773?
False
Is 10 a factor of 27260?
True
Is 14 a factor of 54819?
False
Is 74 a factor of 283?
False
Is 5504 a multiple of 43?
True
Is 12 a factor of 491?
False
Is 2456 a multiple of 4?
True
Is 9 a factor of 185?
False
Is 19440 a multiple of 162?
True
Is 31 a factor of 3844?
True
Is 1138 a multiple of 41?
False
Does 123 divide 51168?
True
Is 2067 a multiple of 159?
True
Is 5648 a multiple of 51?
False
Is 6 a factor of 6660?
True
Does 3 divide 56?
False
Is 16009 a multiple of 62?
False
Is 6 a factor of 293?
False
Is 28033 a multiple of 45?
False
Is 23 a factor of 53521?
True
Does 12 divide 288?
True
Is 25 a factor of 9306?
False
Does 72 divide 5296?
False
Is 56 a factor of 5488?
True
Does 204 divide 4692?
True
Is 209 a factor of 81719?
True
Is 251 a factor of 48606?
False
Does 11 divide 809?
False
Is 9 a factor of 65205?
True
Is 6191 a multiple of 9?
False
Is 1435 a multiple of 65?
False
Does 11 divide 638?
True
Is 11 a factor of 32505?
True
Is 1944 a multiple of 36?
True
Does 29 divide 685?
False
Is 8 a factor of 480?
True
Does 6 divide 729?
False
Is 130 a factor of 41697?
False
Is 12684 a multiple of 21?
True
Does 24 divide 9187?
False
Is 25960 a multiple of 118?
True
Is 9 a factor of 5751?
True
Is 22 a factor of 1760?
True
Is 177 a factor of 5395?
False
Does 46 divide 230?
True
Does 8 divide 35693?
False
Is 100 a factor of 23400?
True
Is 44 a factor of 10296?
True
Does 54 divide 4761?
False
Is 84 a factor of 21974?
False
Does 29 divide 9657?
True
Is 12 a factor of 26060?
False
Is 2058 a multiple of 115?
False
Does 189 divide 22491?
True
Does 95 divide 659?
False
Is 5122 a multiple of 26?
True
Is 41 a factor of 35342?
True
Does 13 divide 9191?
True
Is 5 a factor of 17550?
True
Does 13 divide 4043?
True
Is 5 a factor of 5965?
True
Is 71 a factor of 18602?
True
Is 923 a multiple of 13?
True
Does 30 divide 1623?
False
Is 500 a multiple of 15?
False
Is 170127 a multiple of 15?
False
Is 10 a factor of 2026?
False
Is 92 a multiple of 5?
False
Is 3060 a multiple of 180?
True
Is 5454 a multiple of 18?
True
Is 3684 a multiple of 4?
True
Is 10 a factor of 160?
True
Is 4693 a multiple of 13?
True
Is 59 a factor of 767?
True
Does 70 divide 7070?
True
Is 16 a factor of 191?
False
Does 9 divide 2978?
False
Is 23678 a multiple of 22?
False
Is 41 a multiple of 41?
True
Is 14490 a multiple of 90?
True
Is 670 a multiple of 134?
True
Is 12511 a multiple of 22?
False
Is 9126 a multiple of 5?
False
Does 19 divide 266?
True
Is 2616 a multiple of 4?
True
Is 3 a factor of 4864?
False
Is 75 a multiple of 4?
False
Is 875 a multiple of 7?
True
Is 13 a factor of 471?
False
Does 15 divide 540?
True
Does 37 divide 11544?
True
Does 29 divide 2523?
True
Is 401 a multiple of 13?
False
Is 93 a factor of 19284?
False
Is 23 a factor of 2326?
False
Does 11 divide 572?
True
Is 851 a multiple of 37?
True
Is 30 a factor of 81780?
True
Is 14 a factor of 2401?
False
Is 7 a factor of 763?
True
Is 37077 a multiple of 51?
True
Does 37 divide 5439?
True
Is 4915 a multiple of 18?
False
Is 8854 a multiple of 60?
False
Does 29 divide 4872?
True
Does 17 divide 6928?
False
Is 3 a factor of 197?
False
Is 6 a factor of 1290?
True
Is 25022 even?
True
Is 15198 a multiple of 8?
False
Is 1769 a multiple of 24?
False
Is 19 a factor of 1218?
False
Is 4059 a multiple of 91?
False
Is 37 a factor of 14332?
False
Does 15 divide 12480?
True
Does 157 divide 53978?
False
Is 754 a multiple of 13?
True
Does 44 divide 1848?
True
Is 49952 a multiple of 28?
True
Does 22 divide 8884?
False
Does 106 divide 19504?
True
Does 95 divide 5130?
True
Does 173 divide 50486?
False
Is 108 a factor of 926?
False
Is 39 a factor of 7826?
False
Is 4677 a multiple of 64?
False
Does 24 divide 1272?
True
Is 40560 a multiple of 40?
True
Does 14 divide 755?
False
Is 204 a factor of 105468?
True
Is 83 a factor of 3154?
True
Does 10 divide 718?
False
Is 282 a multiple of 6?
True
Is 42 a factor o